3490*g + 1918. Calculate z(-157).
34
Let j(u) = -13*u**2 - 311*u - 168. Determine j(-24).
-192
Let x(o) = -25*o**3 - 6*o**2 - 534*o + 539. Give x(1).
-26
Let s(u) = 2*u**3 - 441*u**2 + 224*u - 874. Determine s(220).
6
Let o(b) = -b**3 - 19*b**2 - 120*b - 170. Calculate o(-6).
82
Let t(y) = y**3 - 983*y**2 - 5913*y + 10. Calculate t(-6).
-116
Let g(o) = -1120*o - 20211. Calculate g(-18).
-51
Let r(z) = -z**2 - 794*z + 17110. Give r(21).
-5
Let b(f) = -f**2 + 86*f + 779. Give b(61).
2304
Let q(l) = l**3 - 16*l**2 - 31*l + 697. Calculate q(8).
-63
Let h(x) = 5*x**3 - 236*x**2 - 1031*x - 34. Give h(-4).
-6
Let j(x) = 3*x**3 + 222*x**2 + 208*x - 843. Determine j(-73).
-40
Let b(h) = -h**3 + 218*h**2 + 496*h - 200452. What is b(216)?
-4
Let g(n) = -64*n**2 - 2018*n - 156. Calculate g(-33).
-3258
Let v(q) = q**3 + 202*q**2 - 2799*q - 828. Calculate v(-215).
32
Let b(y) = 109194*y - 982771. Give b(9).
-25
Let t(r) = 719*r**3 - 4314*r**2 - 99*r + 595. What is t(6)?
1
Let z(l) = -995*l**2 - 18890*l + 281. What is z(-19)?
-4
Let i(z) = -4*z**2 + 5229*z - 1708889. Give i(651).
-14
Let c(m) = -2*m**2 - 73*m + 16345. Calculate c(74).
-9
Let x(o) = 6*o**2 + 52*o - 531. Give x(-14).
-83
Let c(x) = 622*x + 482058. Determine c(-775).
8
Let d(b) = 5389*b + 264180. Determine d(-49).
119
Let o(r) = -3929*r + 24202. What is o(6)?
628
Let q(j) = -2*j**3 + 56*j**2 - 382*j - 23. Give q(16).
9
Let v(n) = -2*n**2 - 2197*n + 6589. Calculate v(3).
-20
Let u(v) = 31*v**3 + 184*v**2 + 25*v + 24. Give u(-6).
-198
Let k(a) = -a**3 + 33*a**2 + 246*a - 7092. Determine k(34).
116
Let b(p) = 5*p**3 - 1289*p**2 - 262*p - 236. Calculate b(258).
-1268
Let l(o) = -3*o**3 - 27*o**2 - 192*o - 185. Calculate l(-6).
643
Let t(c) = 956*c + 342238. Give t(-358).
-10
Let l(q) = -q**2 + 87291*q - 1745428. Determine l(20).
-8
Let z(v) = -3*v**2 + 425*v - 4184. Determine z(131).
8
Let x(r) = r**3 - 104*r**2 - 1522*r - 2823. Calculate x(-11).
4
Let p(o) = 1816*o + 7039. Give p(-4).
-225
Let t(u) = 144*u + 2848. Give t(-19).
112
Let w(n) = -2*n**3 - 4*n**2 + 5*n - 447. Give w(-7).
8
Let u(x) = 2735*x - 221192. Give u(81).
343
Let v(q) = 113*q**2 - 1250*q + 50. Determine v(11).
-27
Let q(c) = 7*c**3 - 87*c**2 + 60*c + 161. Give q(12).
449
Let m(f) = 660*f + 33613. Determine m(-51).
-47
Let s(c) = -5004*c + 18075. What is s(4)?
-1941
Let d(i) = 109*i - 3318. Give d(35).
497
Let u(c) = -c**2 + 652*c - 72628. What is u(142)?
-208
Let a(q) = 151*q + 26421. Give a(-170).
751
Let y(d) = d**2 + 120*d + 2379. Determine y(-25).
4
Let j(d) = -6553*d + 85180. Calculate j(13).
-9
Let m(l) = -l**2 + 748*l + 14667. What is m(-19)?
94
Let n(t) = -60861*t + 243489. What is n(4)?
45
Let r(m) = m**3 - 87*m**2 + 3598*m - 336058. Calculate r(89).
6
Let n(a) = -52719*a + 15710246. Determine n(298).
-16
Let i(q) = 29*q**3 - 32*q**2 + 23*q - 16. Give i(3).
548
Let s(l) = -103*l**2 + 19821*l + 11192. What is s(193)?
-2
Let c(z) = -15*z**2 - 937*z - 11566. What is c(-17)?
28
Let r(h) = -627*h + 63449. Determine r(101).
122
Let y(k) = k**3 + 6194*k**2 + 55625*k - 445. Calculate y(-9).
-85
Let q(s) = s**3 - 20*s**2 - 49*s + 368. What is q(15)?
-1492
Let z(i) = -4*i**3 - 116*i**2 - 13*i + 102. Determine z(-29).
479
Let r(j) = -2*j**3 - 39*j**2 - 69*j + 226. What is r(-18)?
496
Let b(z) = -z**3 + z**2 + 5*z - 270. Calculate b(10).
-1120
Let v(b) = 3*b**2 - 623*b + 5773. Give v(9).
409
Let j(n) = -48035*n - 40157254. Determine j(-836).
6
Let d(l) = -1504*l - 48176. Calculate d(-32).
-48
Let i(f) = 6461*f - 122773. Calculate i(19).
-14
Let v(k) = -k**3 - 86*k**2 + 38*k + 17331. What is v(-84)?
27
Let n(c) = 2*c**3 + 21*c**2 + 90*c + 678. Calculate n(-10).
-122
Let f(g) = -346*g**2 - 115563*g + 337. What is f(-334)?
3
Let l(r) = -r**2 + 21911*r - 2224540. Determine l(102).
-22
Let b(s) = 2*s**2 + 1209*s + 25584. What is b(-22)?
-46
Let l(o) = 87827*o - 34516006. Give l(393).
5
Let w(r) = -2*r**3 - 53*r**2 + 48*r + 536. What is w(-27)?
-31
Let m(n) = -517200*n - 1551600. Calculate m(-3).
0
Let a(r) = 167*r + 21083. Calculate a(-131).
-794
Let b(w) = -2*w**2 + 6832*w - 1727574. Calculate b(275).
-24
Let l(a) = -a**3 + 33*a**2 - 2915*a + 81140. Calculate l(29).
-31
Let s(r) = -r**2 + r + 19991. Give s(141).
251
Let g(r) = 3*r**3 + 12*r**2 - 30*r + 20. Determine g(1).
5
Let x(q) = q**3 - 601*q**2 - 2322*q - 59282. What is x(605)?
8
Let h(c) = -c**3 + 11*c**2 - 2023*c + 20129. Determine h(10).
-1
Let c(f) = -8*f**2 + 681*f - 4323. Determine c(78).
123
Let g(j) = -j**3 + 625*j**2 - 1232*j - 8672. What is g(623)?
50
Let x(i) = 51*i**3 + 865*i**2 - 67*i - 543. Give x(-17).
18
Let k(n) = -117*n**3 + 53*n**2 + 201*n - 404. Calculate k(2).
-726
Let w(p) = p**3 - 158*p**2 + 2651*p - 146. Calculate w(19).
44
Let v(d) = d**3 + 37*d**2 + 483*d + 15852. What is v(-36)?
-240
Let g(x) = 2*x**3 + 51*x**2 + 34*x - 458. Determine g(-23).
1405
Let x(f) = f**3 + 220*f**2 - 10386*f - 353. What is x(40)?
207
Let p(g) = -16101*g - 112854. Give p(-7).
-147
Let a(q) = -27*q + 637. What is a(-13)?
988
Let f(q) = 3*q**3 + 29*q**2 - 60*q - 470. Give f(-7).
342
Let o(z) = -29869*z - 179088. Calculate o(-6).
126
Let a(y) = 23*y**3 - 36*y**2 + 44*y - 135. Calculate a(3).
294
Let c(k) = -k**3 + 11*k**2 - 91*k - 2997. What is c(-10)?
13
Let x(w) = w**3 + 19*w**2 - 264*w - 402. Calculate x(-27).
894
Let m(k) = -3*k**2 - 4166*k + 4211834. Calculate m(679).
-3
Let g(x) = 519*x - 136045. Determine g(262).
-67
Let s(w) = 177*w**3 + 3*w**2 + 189*w - 187. What is s(1)?
182
Let x(n) = -4645*n + 668850. Determine x(144).
-30
Let b(l) = -5*l**2 - 1011*l - 3980. Determine b(-4).
-16
Let u(k) = 24330*k + 2943930. Determine u(-121).
0
Let v(t) = -189430*t - 4546300. Determine v(-24).
20
Let a(c) = c**3 - 23*c**2 - 1097*c + 26139. Give a(25).
-36
Let i(p) = 12838*p + 269730. Give i(-21).
132
Let f(y) = 2*y**3 - 10*y**2 - 18*y + 87. Determine f(-5).
-323
Let c(d) = 3*d**2 - 13*d - 1530. Give c(-26).
836
Let i(v) = 236*v - 25275. What is i(107)?
-23
Let g(h) = -6*h**3 - 982*h**2 - 8059*h + 133. What is g(-155)?
-22
Let r(b) = 122323*b + 3669677. Calculate r(-30).
-13
Let o(p) = p**2 - 237*p - 825. What is o(-10)?
1645
Let w(b) = 78*b**2 + 111*b - 227. Calculate w(3).
808
Let l(d) = 179*d**2 - 1312*d - 98. What is l(7)?
-511
Let h(k) = 385*k - 8559. Calculate h(24).
681
Let a(i) = 556*i - 72060. Give a(129).
-336
Let d(n) = 2107*n - 39992. Give d(19).
41
Let t(u) = -5*u**2 + 1999*u - 158258. Calculate t(291).
46
Let l(v) = v**3 - 9*v. Give l(-3).
0
Let b(f) = 293769*f - 587540. Give b(2).
-2
Let n(j) = -j**2 - 134*j - 1598. Determine n(-121).
-25
Let m(l) = 727692*l + 4366130. Determine m(-6).
-22
Let k(n) = n**3 + 114*n**2 + 2893*n + 270. Give k(-38).
80
Let y(s) = -s**3 - 92*s**2 + 590*s + 97. Give y(6).
109
Let f(h) = 2*h**3 + 193*h**2 - 2765*h - 242148. Determine f(-98).
10
Let c(m) = 4689*m + 2621134. Determine c(-559).
-17
Let x(d) = -6*d**3 - 162*d**2 + 521*d - 576. Calculate x(-30).
-6
Let n(m) = -72*m**2 - 8109*m - 8114. Determine n(-1).
-77
Let n(o) = 91499*o - 274460. Determine n(3).
37
Let c(r) = 10*r**2 + 321*r - 123. What is c(-23)?
-2216
Let i(p) = -6*p**2 - 263*p + 7140. Give i(19).
-23
Let f(a) = -7*a**2 - 1099*a + 74273. Calculate f(51).
17
Let t(d) = 7*d**3 + 455*d**2 - 467*d - 351. What is t(-66)?
-21
Let c(t) = -t**2 + 383*t - 18552. Calculate c(56).
-240
Let v(d) = -54*d**2 - 165*d + 9. Give v(-5).
-516
Let b(k) = 35*k**2 + 8569*k - 1453. What is b(-245)?
17
Let i(b) = -1526*b + 15879. Calculate i(10).
619
Let h(c) = -c**3 + 16*c**2 + 2*c - 24. Determine h(0).
-24
Let i(z) = 133*z**2 - 1912*z + 2391. Determine i(13).
12
Let k(b) = -11*b**3 - 3*b**2 - 15*b + 152. Give k(-5).
1527
Let b(i) = -3*i**3 + 2*i**2 - 557*i + 1714. Calculate b(3).
-20
Let b(a) = -18305*a + 585670. Determine b(32).
-90
Let q(m) = 79564*m + 955033. What is q(-12)?
265
Let i(u) = 5313*u + 1174165. Give i(-221).
-8
Let g(t) = 2*t**3 + 2057*t**2 - 2689*t + 413020. What is g(-1030)?
-10
Let p(i) = -12907*i + 322634. Calculate p(25).
-41
Let h(w) = -6614*w + 39834. Calculate h(6).
150
Let i(l) = 4*l**3 + 459*l**2 - 570*l + 1154. Calculate i(-116).
-6
Let y(a) = 454*a + 1753. Calculate y(-4).
-63
Let c(p) = -93*p**2 - 1488*p + 9758. Calculate c(-21).
-7
Let u(b) = 6*b**3 - 12*b**2 + 29*b